s 111 divide 5217?
True
Does 17 divide 1802?
True
Is 47 a factor of 1222?
True
Is 14491 a multiple of 99?
False
Is 12 a factor of 1161?
False
Is 71 a factor of 53948?
False
Is 7 a factor of 1895?
False
Does 44 divide 9276?
False
Does 109 divide 1417?
True
Is 231 a factor of 28032?
False
Is 8 a factor of 4465?
False
Is 1575 a multiple of 6?
False
Is 1922 a multiple of 9?
False
Is 1608 a multiple of 24?
True
Is 20 a factor of 140?
True
Does 173 divide 14705?
True
Does 3 divide 100?
False
Does 21 divide 362?
False
Is 13 a factor of 51?
False
Does 11 divide 17412?
False
Is 3400 a multiple of 34?
True
Does 8 divide 544?
True
Does 6 divide 10272?
True
Is 3274 a multiple of 16?
False
Is 48 a multiple of 2?
True
Is 63 a factor of 43874?
False
Is 17 a factor of 6293?
False
Is 7 a factor of 257?
False
Is 216 a multiple of 9?
True
Does 28 divide 2552?
False
Is 20 a factor of 160?
True
Does 19 divide 10211?
False
Does 6 divide 21156?
True
Is 12 a factor of 12096?
True
Is 117 a factor of 10955?
False
Does 331 divide 8734?
False
Is 312 a multiple of 6?
True
Does 33 divide 82401?
True
Is 4407 a multiple of 39?
True
Is 3 a factor of 276?
True
Is 8324 a multiple of 138?
False
Does 72 divide 2609?
False
Is 15 a factor of 6128?
False
Is 45 a factor of 1286?
False
Is 27977 a multiple of 39?
False
Is 22 a factor of 10736?
True
Is 21 a factor of 1827?
True
Does 62 divide 1505?
False
Does 13 divide 78391?
False
Is 7682 a multiple of 9?
False
Is 340 a multiple of 5?
True
Is 6472 a multiple of 18?
False
Is 18 a factor of 309?
False
Is 129 a multiple of 12?
False
Is 22617 a multiple of 58?
False
Does 79 divide 19418?
False
Does 45 divide 8317?
False
Is 5580 a multiple of 31?
True
Is 8 a factor of 816?
True
Is 10227 a multiple of 4?
False
Is 244 a factor of 41480?
True
Is 1275 a multiple of 22?
False
Is 3 a factor of 12?
True
Is 4 a factor of 204?
True
Is 23920 a multiple of 65?
True
Does 6 divide 2220?
True
Is 6713 a multiple of 124?
False
Is 57 a multiple of 23?
False
Is 246 a multiple of 11?
False
Does 24 divide 4776?
True
Is 24 a factor of 60576?
True
Is 18 a factor of 8741?
False
Is 30 a factor of 1225?
False
Is 1944 a multiple of 8?
True
Is 7 a factor of 105?
True
Is 38 a factor of 382?
False
Is 83116 a multiple of 42?
False
Does 71 divide 333?
False
Does 30 divide 84819?
False
Does 30 divide 46350?
True
Does 21 divide 689?
False
Does 55 divide 1815?
True
Is 10220 a multiple of 20?
True
Does 27 divide 2241?
True
Is 576 a multiple of 16?
True
Is 42 a factor of 3864?
True
Is 24 a factor of 1002?
False
Is 55 a factor of 128477?
False
Is 9958 a multiple of 81?
False
Is 1404 a multiple of 18?
True
Is 266 a multiple of 23?
False
Is 1334 a multiple of 46?
True
Is 1334 a multiple of 8?
False
Is 45 a factor of 5745?
False
Is 46 a factor of 35650?
True
Is 24 a factor of 72?
True
Is 5 a factor of 77995?
True
Is 24 a factor of 8438?
False
Is 50 a factor of 116250?
True
Is 1814 a multiple of 62?
False
Does 30 divide 1745?
False
Does 4 divide 656?
True
Is 39 a multiple of 16?
False
Does 19 divide 7144?
True
Is 12 a factor of 1332?
True
Is 7 a factor of 7760?
False
Is 886 a multiple of 41?
False
Is 1236 a multiple of 4?
True
Does 8 divide 13278?
False
Is 504 a multiple of 12?
True
Is 50 a multiple of 22?
False
Is 64023 a multiple of 364?
False
Is 33 a factor of 13431?
True
Is 75 a factor of 1928?
False
Is 6 a factor of 234?
True
Is 8 a factor of 884?
False
Does 29 divide 185?
False
Is 579 a multiple of 81?
False
Does 23 divide 759?
True
Is 9 a factor of 19?
False
Is 17 a factor of 5019?
False
Is 2941 a multiple of 173?
True
Is 1077 a multiple of 17?
False
Does 30 divide 2854?
False
Is 3210 a multiple of 5?
True
Is 16727 a multiple of 42?
False
Does 96 divide 3434?
False
Is 37 a factor of 1332?
True
Is 5934 a multiple of 23?
True
Does 31 divide 701?
False
Is 133 a factor of 14630?
True
Does 9 divide 10035?
True
Does 17 divide 187?
True
Is 5604 a multiple of 32?
False
Is 2410 a multiple of 10?
True
Is 4231 a multiple of 96?
False
Is 48 a factor of 21456?
True
Does 16 divide 192?
True
Is 100 a multiple of 3?
False
Is 34 a factor of 5610?
True
Is 26 a multiple of 13?
True
Is 162 a factor of 2592?
True
Is 44 a factor of 528?
True
Does 21 divide 53288?
False
Is 6110 a multiple of 130?
True
Is 10 a factor of 12603?
False
Is 8505 a multiple of 45?
True
Is 912 a multiple of 12?
True
Is 115491 a multiple of 137?
True
Does 18 divide 8244?
True
Is 1594 a multiple of 51?
False
Does 7 divide 1956?
False
Does 66 divide 24750?
True
Does 30 divide 12215?
False
Does 86 divide 18662?
True
Is 9 a factor of 159?
False
Is 11716 a multiple of 101?
True
Does 19 divide 2546?
True
Is 29 a factor of 71132?
False
Does 15 divide 13393?
False
Is 3 a factor of 2051?
False
Is 9 a factor of 2153?
False
Does 287 divide 40467?
True
Is 165 a factor of 76725?
True
Is 20860 a multiple of 20?
True
Is 678 a multiple of 58?
False
Does 20 divide 2860?
True
Is 128 a factor of 7040?
True
Is 60 a factor of 1560?
True
Is 143 a factor of 60532?
False
Is 147 a factor of 3910?
False
Does 37 divide 6103?
False
Does 41 divide 1599?
True
Does 4 divide 192?
True
Does 5 divide 295?
True
Does 38 divide 8892?
True
Does 9 divide 489?
False
Does 9 divide 1869?
False
Does 12 divide 13284?
True
Is 15 a factor of 3885?
True
Is 52 a factor of 676?
True
Does 31 divide 895?
False
Is 15 a factor of 3623?
False
Does 15 divide 38415?
True
Is 2 a factor of 58?
True
Does 23 divide 2180?
False
Is 42 a factor of 1464?
False
Is 48 a factor of 67?
False
Is 322 a multiple of 16?
False
Does 11 divide 99?
True
Is 43 a factor of 5117?
True
Is 73 a multiple of 5?
False
Is 7500 a multiple of 25?
True
Is 68 a factor of 3305?
False
Does 93 divide 3356?
False
Is 9 a factor of 3933?
True
Is 18 a factor of 4518?
True
Does 4 divide 8?
True
Is 2830 a multiple of 10?
True
Is 96 a factor of 8448?
True
Does 31 divide 3875?
True
Is 30456 a multiple of 216?
True
Is 3 a factor of 89?
False
Is 76 a factor of 4028?
True
Is 1384 a multiple of 11?
False
Is 44 a multiple of 11?
True
Does 28 divide 20895?
False
Does 7 divide 271?
False
Is 1819 a multiple of 46?
False
Does 77 divide 8239?
True
Is 59 a multiple of 9?
False
Is 6441 a multiple of 155?
False
Does 26 divide 832?
True
Is 664 a multiple of 9?
False
Is 60 a factor of 8376?
False
Is 24 a factor of 42504?
True
Is 14 a factor of 13454?
True
Is 18 a factor of 4662?
True
Is 89 a factor of 801?
True
Is 170 a factor of 65117?
False
Does 120 divide 53640?
True
Does 52 divide 40425?
False
Is 5819 a multiple of 38?
False
Is 5095 a multiple of 15?
False
Is 123 a multiple of 11?
False
Does 2 divide 9616?
True
Is 39 a factor of 3510?
True
Is 1140 a multiple of 9?
False
Is 71 a factor of 59214?
True
Is 13 a factor of 1196?
True
Is 22627 a multiple of 78?
False
Does 31 divide 107?
False
Does 182 divide 26839?
False
Does 17 divide 2576?
False
Is 36 a factor of 9504?
True
Does 20 divide 800?
True
Is 26 a factor of 788?
False
Is 2272 a multiple of 142?
True
Does 2 divide 4317?
False
Is 75 a factor of 64271?
False
Is 450 a multiple of 18?
True
Is 1377 a multiple of 17?
True
Is 24639 a multiple of 43?
True
Is 42933 a multiple of 33?
True
Is 728 a multiple of 91?
True
Is 13 a factor of 5356?
True
Does 4 divide 32546?
False
Does 10 divide 3858?
False
Does 19 divide 1080?
False
Is 2 a factor of 118?
True
Is 13 a factor of 729?
False
Is 8 a factor of 6800?
True
Is 11448 a multiple of 54?
True
Is 118 a factor of 25742?
False
Is 29 a factor of 79965?
False
Is 25 a factor of 175?
True
Is 11 a factor of 793?
False
Is 6 a factor of 190?
False
Is 9 a factor of 57308?
False
Does 10 divide 130?
True
Is 16 a factor of 3863?
False
Is 5120 a multiple of 106?
False
Is 1071 a multiple of 21?
True
Is 5 a factor of 39?
False
Is 3 a factor of 118?
False
Does 33 divide 2079?
True
Is 3854 a multiple of 94?
True
Is 46240 a multiple of 176?
False
Does 170 divide 4760?
True
Is 21 a factor of 66?
False
Does 67 divide 3007?
False
Does 21 divide 1198?
False
Is 7257 a multiple of 177?
True
Does 5 divide 1871?
False
Is 1071 a multiple of 17?
True
Does 2 divide 88?
True
Is 294 a multiple of 21?
True
Does 45 divide 7155?
True
Is 18 a factor of 918?
True
Does 6 divide 2333?
False
Does 37 divide 687?
False
Does 9 divide 360?
True
Is 13 a factor of 1454?
False
Is 5 